{"id":7,"date":"2017-11-09T13:56:44","date_gmt":"2017-11-09T12:56:44","guid":{"rendered":"http:\/\/qigong.diruf.de\/?page_id=7"},"modified":"2021-08-16T19:03:36","modified_gmt":"2021-08-16T18:03:36","slug":"ueber-annette-diruf","status":"publish","type":"page","link":"https:\/\/www.annette-diruf.de\/?page_id=7","title":{"rendered":"Annette Diruf"},"content":{"rendered":"<p><strong>Gesundheitscoach, Scout und Wegbegleiterin<\/strong><\/p>\n<ul>\n<li>Work-Life-Balance, Salutogenese<\/li>\n<li>Resilienz, Regeneration und Ver\u00e4nderung<\/li>\n<li>Selbstwahrnehmung und -reflexion, Perspektivwechsel, Selbstorganisation und pers\u00f6nliche Erfahrung<\/li>\n<li>Aktivieren der eigenen Ressourcen, Motivation f\u00f6rdern<\/li>\n<\/ul>\n<p><strong>Qigong-Lehrerin<\/strong><\/p>\n<ul>\n<li>Gesundheitsf\u00f6rderung und Bewusstseinsbildung durch Qigong<\/li>\n<li>Ausgleich und Balance mit selbstregulativen Verfahren<\/li>\n<li>K\u00f6rperzentrierte \u00dcbeverfahren<\/li>\n<\/ul>\n<p><strong>Aus- und Fortbildungen<\/strong><\/p>\n<ul>\n<li>Informationswissenschaft (Universit\u00e4t Regensburg)<\/li>\n<li>Kontaktstudium Qigong (Diploma of Advanced Studies, C.v.O. Universit\u00e4t Oldenburg)<\/li>\n<li>Systemischer Personal- und Business-Coach (SILCC Bremen)<\/li>\n<li>NLP-Practitioner und Master (DVNLP)<\/li>\n<li>Trainer-C Breitensport Fitness und Gesundheit (NTB, DOSB)<\/li>\n<li>Trainer-B Sport in der Rehabilitation (Profil: Orhop\u00e4die) (DOSB)<\/li>\n<li>Faszientraining (NTB)<\/li>\n<\/ul>\n","protected":false},"excerpt":{"rendered":"<p>Gesundheitscoach, Scout und Wegbegleiterin Work-Life-Balance, Salutogenese Resilienz, Regeneration und Ver\u00e4nderung Selbstwahrnehmung und -reflexion, Perspektivwechsel, Selbstorganisation und pers\u00f6nliche Erfahrung Aktivieren der eigenen Ressourcen, Motivation f\u00f6rdern Qigong-Lehrerin Gesundheitsf\u00f6rderung und Bewusstseinsbildung durch Qigong Ausgleich und Balance mit selbstregulativen Verfahren K\u00f6rperzentrierte \u00dcbeverfahren Aus- und Fortbildungen Informationswissenschaft (Universit\u00e4t Regensburg) Kontaktstudium Qigong (Diploma of Advanced Studies, C.v.O. Universit\u00e4t Oldenburg) Systemischer Personal-&#8230; <\/p>\n<div class=\"link-more\"><a href=\"https:\/\/www.annette-diruf.de\/?page_id=7\">Weiterlesen<\/a><\/div>\n","protected":false},"author":2,"featured_media":59,"parent":0,"menu_order":0,"comment_status":"closed","ping_status":"closed","template":"","meta":[],"_links":{"self":[{"href":"https:\/\/www.annette-diruf.de\/index.php?rest_route=\/wp\/v2\/pages\/7"}],"collection":[{"href":"https:\/\/www.annette-diruf.de\/index.php?rest_route=\/wp\/v2\/pages"}],"about":[{"href":"https:\/\/www.annette-diruf.de\/index.php?rest_route=\/wp\/v2\/types\/page"}],"author":[{"embeddable":true,"href":"https:\/\/www.annette-diruf.de\/index.php?rest_route=\/wp\/v2\/users\/2"}],"replies":[{"embeddable":true,"href":"https:\/\/www.annette-diruf.de\/index.php?rest_route=%2Fwp%2Fv2%2Fcomments&post=7"}],"version-history":[{"count":10,"href":"https:\/\/www.annette-diruf.de\/index.php?rest_route=\/wp\/v2\/pages\/7\/revisions"}],"predecessor-version":[{"id":332,"href":"https:\/\/www.annette-diruf.de\/index.php?rest_route=\/wp\/v2\/pages\/7\/revisions\/332"}],"wp:featuredmedia":[{"embeddable":true,"href":"https:\/\/www.annette-diruf.de\/index.php?rest_route=\/wp\/v2\/media\/59"}],"wp:attachment":[{"href":"https:\/\/www.annette-diruf.de\/index.php?rest_route=%2Fwp%2Fv2%2Fmedia&parent=7"}],"curies":[{"name":"wp","href":"https:\/\/api.w.org\/{rel}","templated":true}]}}